1. Let o be u/2 + ((-27)/(-6))/(-3). Let b be 0/((-1)/((-4)/(6 - o))). What is l(b)?
1
Suppose 3039 = -93*c - 838 - 773. Let s(x) = 2*x**3 + 101*x**2 + 53*x + 159. Determine s(c).
9
Let x(n) = -14*n - 169. Let y = -5859 + 5847. What is x(y)?
-1
Let j(g) = g**2 + 3*g + 4. Let w = 11 + -6. Let r(b) = 0*b**2 - b**2 - 22 + 17 - 4*b. Let y(o) = w*j(o) + 4*r(o). Determine y(2).
2
Let a(s) = s + 9. Let h(y) = y**3 - 11*y**2 + y - 6. Let o be h(11). Let m(l) = 9*l - 20. Let p be m(o). Let t = -30 + p. What is a(t)?
4
Let p(l) = -8*l - 50. Let z(s) = s**3 - 2*s**2 - 16*s + 26. Let k be z(4). Let t be p(k). Let u(j) = j**2 + j + 1. What is u(t)?
3
Let s = 146885/41966 + -2/20983. Let y(o) be the first derivative of -s*o**2 + 10 + 0*o. Calculate y(2).
-14
Let p = 84 - 79. Suppose -2*d = -p*g - 28, -5*g - 12 = -3*g - d. Let j(z) = 0*z**2 + 8*z + 2*z**2 + 1 - 3*z. What is j(g)?
13
Suppose 4*j + 6 = 5*d, 4*j + 30 - 34 = 0. Let h(c) = -2*c**3 - 3*c**2 + 5*c + 2. Determine h(d).
-16
Let v(t) = 17*t - 1. Let l be ((-42)/12 + 4)/(2/(-1832)). Let j = l - -456. What is v(j)?
-35
Let z(l) = l**3 + 6*l**2 + 2. Let i be z(-6). Let k(a) = -12*a**2 - 4*a - 1 + 3*a**i + 25*a**2 + 3*a. Suppose 29*f - 6 = 35*f. What is k(f)?
16
Let c be 39/(-4) - ((-54)/(-24))/(-3). Let k = c - -1. Let s(j) = j**2 + 13*j + 12. Determine s(k).
-28
Let q(j) = j**2 - 2*j + 6. Let u = 37 + -36. Let v(n) = -n. Let y(t) = u*q(t) + 4*v(t). What is y(5)?
1
Suppose 11 = -12*w + 59. Suppose -66 = 7*r + w. Let q(m) = -3*m - 11. Determine q(r).
19
Let l(y) = y**2 - 17*y + 15. Let v(c) = -32*c - 4 - 40*c + 73*c. Let r be v(20). Determine l(r).
-1
Let n(b) = -223*b + 2460. Let d be n(11). Let c(j) = -26*j + 47. What is c(d)?
-135
Let t(u) = -90090*u + 0 + 26*u**2 + 9*u**2 + 0 + 90093*u + 1. What is t(1)?
39
Let x = 0 + 0. Let o(j) = 4*j - 28. Let u(z) = 0*z + 4 + 5 - z + 0. Let w(k) = 2*o(k) + 7*u(k). What is w(x)?
7
Let v(u) be the second derivative of -u**6/360 - u**5/40 + 13*u**4/24 - 74*u**3/3 - 26*u - 2. Let r(f) be the second derivative of v(f). Give r(-5).
3
Let a(s) = s**2 - 5*s - 3. Let w(f) = -f**3 + 3*f + 6. Let c be w(0). Let d(g) = -8*g**2 + 19*g**2 - 60 - c*g**2 + 19*g - 4*g**2. Let r be d(-22). What is a(r)?
3
Let v(c) = 3*c + 3. Let o(z) = 561*z + 680. Let g(y) = 14*y + 17. Let t(r) = 119*g(r) - 3*o(r). Let h(d) = -6*t(d) - 33*v(d). Determine h(3).
12
Let h = 5468 - 5466. Let v(d) be the first derivative of 17 + 1/4*d**4 - d - 1/2*d**h + 2/3*d**3. Calculate v(2).
13
Let q(h) = 2*h**2 - h + 2. Suppose -3*g + 4*a = 6*a - 7, 10 = 2*a. Let x(z) = 5*z**2 + 9*z - 1. Let p(u) = g*x(u) + 2*q(u). Let f = -22 - -11. Determine p(f).
5
Suppose 11*t - 30 = 6*t. Let c(q) be the second derivative of -q**3 + 1/20*q**5 - 5/12*q**4 + 3/2*q**2 + 0 + 61*q. What is c(t)?
3
Let f be (10/(-35))/((-3)/231). Suppose 0 = -2*g - q + 13, 12 = -19*g + f*g - q. Let w(m) = 2*m**2 - 2*m + 2. What is w(g)?
42
Let y = -698 - -690. Let t(b) = -10*b - 88. Give t(y).
-8
Let h(k) = k**2 + 17*k + 7. Let f be 442/(-32) + 30/(-160). What is h(f)?
-35
Let i(z) = -z. Let k = 228 - 216. Suppose -4*g + 4*h - 4 - k = 0, -g + 4 = -5*h. Determine i(g).
6
Let j be (9/(-4))/3*(-2720)/1020. Let p(i) be the second derivative of -2 + 1/6*i**3 + 9*i + 3*i**j. Give p(-7).
-1
Let q(m) = 5*m + 21. Let y(g) = 2*g + 7. Let k(c) = -3*q(c) + 8*y(c). Let n(w) = w + 6. Let i be n(0). Calculate k(i).
-1
Let p(s) = s**2 - s + 1. Suppose -13*c + 55 = 16. Suppose k - 2*z = 5, 5*k - c*z - 4 = 35. Let y be (-14)/((-4)/(-2)) - k/(-3). Calculate p(y).
21
Let r(d) = -11*d + 3. Let m(c) = 4*c - 1. Let f(k) = 14*m(k) + 5*r(k). What is f(-15)?
-14
Let b be ((-6)/(-60)*5)/((-2)/(-12)). Let l(i) = 9*i**2 - 3 - 4*i - i**b + 19*i - 5*i + 0*i**2. Calculate l(10).
-3
Let h be ((-4)/10)/((-4)/20) - -2. Let f be (9 + -6)/(6/h). Let j(u) = -7*u**2 - 1 - u**3 + 6*u**2 + 3*u**3. Give j(f).
11
Suppose 427 = 2*l + 441, -5*n + 3*l + 21 = 0. Let f(z) be the third derivative of n*z + 1/6*z**4 - 2/3*z**3 + 0 - 25*z**2. What is f(6)?
20
Let a(u) be the first derivative of -u**4/12 + 7*u**3/6 - u**2/2 + 78*u - 13. Let w(t) be the first derivative of a(t). Calculate w(7).
-1
Let n(k) = -10 + 24*k**2 - 2*k + 22*k**3 - 23*k**3 + 21*k**3. Let q(v) = 80 - 77 + v - 8*v**2 - 11*v**3 + 4*v**3. Let f(r) = -6*n(r) - 17*q(r). Calculate f(-7).
-5
Let x(m) = -1290*m + 2600*m + m**2 - 22 - 1304*m. Determine x(-8).
-6
Let l(s) = -9*s**2 - 27*s - 5. Let f(c) be the second derivative of 11*c**4/12 + 5*c**3 + 5*c**2/2 + 84*c. Let y(b) = -4*f(b) - 5*l(b). Determine y(-14).
-9
Let k(u) be the third derivative of u**6/120 + u**5/10 + u**4/12 - u**3 - 2*u**2. Let g be 175/(-28) - (-14 - 660/(-48)). What is k(g)?
-18
Let h(x) be the third derivative of x**4/4 + x**3/2 + 25*x**2. Let r(s) = -s**3 - 3*s**2. Let b be r(-3). Let f be (-4 - 1 - b/(-1))/1. Give h(f).
-27
Suppose -3*o - o = -q - 7, -5*q + 4*o = -29. Suppose -5*u = -2*v + 27, -5*v + 76 = -3*u - u. Let m be 5/(-15)*q - v/(-2). Let n(k) = 2*k - 1. What is n(m)?
9
Let r(o) = -7*o + 1. Let s(p) = -7*p - 77. Let l be s(-12). Let u(c) = -c**2 + 3*c + 29. Let q be u(l). Determine r(q).
-6
Let o(z) be the first derivative of z**3/3 + 2*z**2 + 4*z + 242006. Let x(r) = r**2 - 4*r + 5. Let m be x(4). Suppose m*p = -7 - 8. What is o(p)?
1
Let s(u) = u**3 + 3*u**2 + 3*u - 1. Let g be s(-2). Let t(l) = -2*l + 1. Let a(k) = 5*k + 1. Let b(v) = g*t(v) - a(v). Give b(5).
1
Let f(h) be the second derivative of 13/2*h**2 - 8/3*h**3 - 1/20*h**5 - 2 - 16*h + 11/12*h**4. Determine f(10).
-47
Let q(h) = -10*h - 1. Let s(a) be the second derivative of -14*a**3/3 + 141*a**2/2 - 132*a + 2. Let z be s(5). Calculate q(z).
-11
Let y(p) = -4*p**3 - 4*p**2 - 5*p - 4. Let g(s) = 9*s**3 + 7*s**2 + 11*s + 8. Let c(x) = -3*g(x) - 7*y(x). Let m(k) = 3*k + 35. Let o be m(-14). Calculate c(o).
-10
Let u(o) = 3*o - 1. Let w(n) = 21*n + 15. Let h(z) = u(z) - w(z). Calculate h(2).
-52
Suppose 63*v = -388 - 64 - 367. Let d(r) = 7*r + 109. What is d(v)?
18
Suppose 0 = -4*m + 74 + 38. Let l(g) = -m*g + 53*g - 24*g. Give l(-2).
-2
Let f(a) = -a**3 - 4*a**2 + 5*a - 20. Suppose -535*m - 180 = -505*m. Give f(m).
22
Let d(j) = -17*j + 90. Let i(v) = 72*v - 359. Let u(l) = 13*d(l) + 3*i(l). Determine u(18).
3
Suppose 0 = 5*c - 3*z + 9, 4*c + 3 = 4*z - 1. Let p(g) be the third derivative of -g**5/60 + g**4/24 + g**3 - 899*g**2. Give p(c).
-6
Let l = -7 + 3. Let v(w) be the second derivative of w**3/2 - w**2 + 29538*w. Calculate v(l).
-14
Let u(s) = -6*s - 1 - 1 - 6 + 7*s. Suppose 5*a = 23 + 142. Suppose 3*x = k + 21, -3*x + 3*k = -2*k - a. Give u(x).
-2
Let a(h) = 20*h**2 + 57*h - 2. Let u be a(-3). Let c(y) = -35*y + 7 + 25*y + y**2 + 0*y**2. Calculate c(u).
-14
Let b(z) be the first derivative of z**4/2 - 13*z**3 + 9*z**2 + 20*z - 2395. Give b(19).
1
Let c(m) be the first derivative of 13*m**4/4 + m**3/3 + m**2/2 + m - 1. Let w be (-104)/(-24)*12*15/60 - 14. Determine c(w).
-12
Suppose 0 = -y - 2. Let g(x) = -3*x**2 - 6. Suppose m - 23 = 5*p - 3*m, -4*p = m + 10. Let u(c) = 4*c**2 + 5. Let z(h) = p*g(h) + y*u(h). Calculate z(0).
8
Let u be 1*6/(24/4). Let h(k) = 2*k - 44. Let q be h(23). Let z(v) = 7*v**3 + 3*v**3 + 4*v**3 + q*v**2 - 1. Determine z(u).
15
Let d(q) be the first derivative of -q**3/3 + 3*q**2/2 + 3*q - 270. Let l(b) = b**3 + 3*b**2 - b + 1. Let i be l(-3). Determine d(i).
-1
Let b(q) be the first derivative of -6*q**2 - 2*q - 20. Suppose 0 = 88*m - 140*m + 104. Determine b(m).
-26
Let h(t) = t**2 + 11*t + 14. Let o be h(-10). Let f(n) = -n**3 + o*n**2 - 3*n - 5 - 2 + 3. Let a be (-6)/(-7)*882/252. What is f(a)?
-4
Let j(c) = c**2 - 9*c + 9. Let d = 503 + -938. Let b = d + 441. Calculate j(b).
-9
Let l(d) = d**2 + 3*d - 41. Let k = -92 + 92. Suppose k = -8*x + 11*x + 24. Let a be l(x). Let m(w) = -10*w**3 - 2*w**2 + 1. What is m(a)?
9
Let h = 2408 + -2408. Let x(r) = r. Let d be x(1). Suppose h = -2*u - 13 + d. Let w(t) = t**2 + 7*t + 6. Calculate w(u).
0
Let w(q) be the second derivative of q**6/360 - 3*q**5/40 - q**4/24 - 173*q**3/6 + 243*q. Let i(n) be the second derivative of w(n). Determine i(8).
-9
Suppose 0*m = -m - 5*p + 21, -2*p + 6 = m. Let u(n) be the first derivative of 2*n**3/3 + 2*n**2 + 1093. Calculate u(m).
16
Let o(v) be the first derivative of -9*v**2/2